{"id":12151,"date":"2025-01-08T23:40:21","date_gmt":"2025-01-08T23:40:21","guid":{"rendered":"https:\/\/jakovov.com\/prirodniprah\/?post_type=product&#038;p=12151"},"modified":"2025-12-07T19:26:30","modified_gmt":"2025-12-07T19:26:30","slug":"jabuka-cips","status":"publish","type":"product","link":"https:\/\/jakovov.com\/prirodniprah\/proizvodi\/jabuka-cips\/","title":{"rendered":"JABUKA &#8211; \u010dips"},"content":{"rendered":"<p class=\"p1\">Prose\u010dne hranljive vrednosti u 100g proizvoda :<\/p>\n<p>Energetska vrednost <strong>1258,25 kJ\/ 296,4 kcal<\/strong><\/p>\n<div class=\"eltdf-separator-holder clearfix  eltdf-separator-left eltdf-separator-normal\">\n\t<div class=\"eltdf-separator\" style=\"border-color: #13bbba;border-style: solid;width: 350px;border-bottom-width: 1px\"><\/div>\n<\/div>\n\n<p class=\"p1\">Masti : <strong>0,85g<\/strong><\/p>\n<div class=\"eltdf-separator-holder clearfix  eltdf-separator-left eltdf-separator-normal\">\n\t<div class=\"eltdf-separator\" style=\"border-color: #13bbba;border-style: solid;width: 350px;border-bottom-width: 1px\"><\/div>\n<\/div>\n\n<p class=\"p1\">Od kojih zasi\u0107ene masne kiseline &lt;<strong>0,22g<\/strong> Ugljeni hidrati <strong>86,33g<\/strong><\/p>\n<div class=\"eltdf-separator-holder clearfix  eltdf-separator-left eltdf-separator-normal\">\n\t<div class=\"eltdf-separator\" style=\"border-color: #13bbba;border-style: solid;width: 350px;border-bottom-width: 1px\"><\/div>\n<\/div>\n\n<p class=\"p1\">Od kojih se\u0107eri<strong> 59,29g<\/strong> Proteini<strong> 5,41g<\/strong><\/p>\n<div class=\"eltdf-separator-holder clearfix  eltdf-separator-left eltdf-separator-normal\">\n\t<div class=\"eltdf-separator\" style=\"border-color: #13bbba;border-style: solid;width: 350px;border-bottom-width: 1px\"><\/div>\n<\/div>\n\n<p>So: <strong>0,07g<\/strong><\/p>\n<div class=\"eltdf-separator-holder clearfix  eltdf-separator-left eltdf-separator-normal\">\n\t<div class=\"eltdf-separator\" style=\"border-color: #13bbba;border-style: solid;width: 350px;border-bottom-width: 1px\"><\/div>\n<\/div>\n\n<p><span style=\"color: #333333;\">ROK UPOTREBE: Utisnuto na omotu<\/span><br \/>\n<span style=\"color: #333333;\"><strong>\u010cuvati na temperaturi do 25\u00b0C<\/strong><\/span><\/p>\n<div class=\"eltdf-separator-holder clearfix  eltdf-separator-left eltdf-separator-normal\">\n\t<div class=\"eltdf-separator\" style=\"border-color: #13bbba;border-style: solid;width: 350px;border-bottom-width: 1px\"><\/div>\n<\/div>\n\n<p><span style=\"color: #333333;\">Zemlja porekla: Republika Srbija<\/span><\/p>\n","protected":false},"excerpt":{"rendered":"<h5><span style=\"color: #4bd4cd;\"><strong>Neto: 60gr<\/strong><\/span><\/h5>\n<p>JABUKA &#8211; \u010dips<\/p>\n<p>VEGAN &#8211; GLUTEN-FREE<\/p>\n<p>100% prirodno su\u0161eni kolutovi jabuke bez aditiva, konzervansa i dodatih \u0161e\u0107era.<\/p>\n<p>Sve\u017ea jabuka, su\u0161ena na na niskoj temperaturi, bez dodatka \u0161e\u0107era, konzervansa i<br \/>\naditiva, idealna grickalica u \u0161koli, kancelariji, treningu.Preporu\u010dena doza 20g deca do 60g sportisti.Idealna za dijabeti\u010dare i dijete.<\/p>\n<p>Sastav 100% su\u0161ena jabuka Granny Smith<\/p>\n","protected":false},"featured_media":12152,"template":"","meta":[],"product_brand":[],"product_cat":[166],"product_tag":[],"class_list":{"0":"post-12151","1":"product","2":"type-product","3":"status-publish","4":"has-post-thumbnail","6":"product_cat-suseno-voce","8":"first","9":"instock","10":"shipping-taxable","11":"purchasable","12":"product-type-simple"},"jetpack_sharing_enabled":true,"_links":{"self":[{"href":"https:\/\/jakovov.com\/prirodniprah\/wp-json\/wp\/v2\/product\/12151","targetHints":{"allow":["GET"]}}],"collection":[{"href":"https:\/\/jakovov.com\/prirodniprah\/wp-json\/wp\/v2\/product"}],"about":[{"href":"https:\/\/jakovov.com\/prirodniprah\/wp-json\/wp\/v2\/types\/product"}],"wp:featuredmedia":[{"embeddable":true,"href":"https:\/\/jakovov.com\/prirodniprah\/wp-json\/wp\/v2\/media\/12152"}],"wp:attachment":[{"href":"https:\/\/jakovov.com\/prirodniprah\/wp-json\/wp\/v2\/media?parent=12151"}],"wp:term":[{"taxonomy":"product_brand","embeddable":true,"href":"https:\/\/jakovov.com\/prirodniprah\/wp-json\/wp\/v2\/product_brand?post=12151"},{"taxonomy":"product_cat","embeddable":true,"href":"https:\/\/jakovov.com\/prirodniprah\/wp-json\/wp\/v2\/product_cat?post=12151"},{"taxonomy":"product_tag","embeddable":true,"href":"https:\/\/jakovov.com\/prirodniprah\/wp-json\/wp\/v2\/product_tag?post=12151"}],"curies":[{"name":"wp","href":"https:\/\/api.w.org\/{rel}","templated":true}]}}